
What is the tens digit of 974?
7
What is the units digit of 1622?
2
What is the ten thousands digit of 14682?
1
What is the tens digit of 43846?
4
What is the tens digit of 5767?
6
What is the thousands digit of 7282?
7
What is the hundred thousands digit of 181766?
1
What is the tens digit of 8859?
5
What is the units digit of 25287?
7
What is the units digit of 67249?
9
What is the tens digit of 22125?
2
What is the tens digit of 2212?
1
What is the units digit of 4460?
0
What is the hundreds digit of 2827?
8
What is the units digit of 234?
4
What is the units digit of 51939?
9
What is the hundreds digit of 1750?
7
What is the units digit of 60139?
9
What is the tens digit of 496?
9
What is the tens digit of 105?
0
What is the tens digit of 3533?
3
What is the units digit of 45326?
6
What is the ten thousands digit of 14132?
1
What is the thousands digit of 25556?
5
What is the thousands digit of 2243?
2
What is the hundreds digit of 7673?
6
What is the units digit of 1574?
4
What is the ten thousands digit of 56329?
5
What is the hundreds digit of 12643?
6
What is the ten thousands digit of 24927?
2
What is the hundreds digit of 1079?
0
What is the hundreds digit of 12875?
8
What is the thousands digit of 5581?
5
What is the hundreds digit of 6519?
5
What is the units digit of 21864?
4
What is the thousands digit of 1079?
1
What is the tens digit of 17870?
7
What is the tens digit of 710?
1
What is the hundreds digit of 1374?
3
What is the ten thousands digit of 58555?
5
What is the hundreds digit of 172?
1
What is the hundreds digit of 10216?
2
What is the hundreds digit of 26765?
7
What is the units digit of 5248?
8
What is the hundreds digit of 881?
8
What is the thousands digit of 3721?
3
What is the hundreds digit of 72575?
5
What is the thousands digit of 1667?
1
What is the units digit of 9107?
7
What is the units digit of 1377?
7
What is the hundreds digit of 297?
2
What is the units digit of 467?
7
What is the units digit of 2312?
2
What is the ten thousands digit of 18555?
1
What is the hundreds digit of 16170?
1
What is the hundreds digit of 4149?
1
What is the units digit of 2995?
5
What is the thousands digit of 3272?
3
What is the units digit of 5398?
8
What is the ten thousands digit of 32555?
3
What is the thousands digit of 2209?
2
What is the hundreds digit of 33301?
3
What is the thousands digit of 44711?
4
What is the thousands digit of 32282?
2
What is the units digit of 1766?
6
What is the thousands digit of 1905?
1
What is the units digit of 4556?
6
What is the tens digit of 65418?
1
What is the tens digit of 461?
6
What is the tens digit of 1927?
2
What is the hundreds digit of 6489?
4
What is the ten thousands digit of 22602?
2
What is the tens digit of 2149?
4
What is the tens digit of 17563?
6
What is the units digit of 491?
1
What is the thousands digit of 39089?
9
What is the units digit of 11072?
2
What is the hundreds digit of 5666?
6
What is the thousands digit of 36812?
6
What is the ten thousands digit of 18761?
1
What is the units digit of 1121?
1
What is the units digit of 32885?
5
What is the thousands digit of 10988?
0
What is the units digit of 716?
6
What is the tens digit of 4081?
8
What is the tens digit of 1991?
9
What is the hundreds digit of 1468?
4
What is the hundreds digit of 45666?
6
What is the hundreds digit of 418?
4
What is the ten thousands digit of 44906?
4
What is the units digit of 94162?
2
What is the units digit of 4072?
2
What is the thousands digit of 3155?
3
What is the tens digit of 1609?
0
What is the tens digit of 122372?
7
What is the units digit of 560?
0
What is the hundreds digit of 260?
2
What is the hundreds digit of 1167?
1
What is the tens digit of 7965?
6
What is the tens digit of 44197?
9
What is the units digit of 450?
0
What is the units digit of 399?
9
What is the hundreds digit of 32367?
3
What is the units digit of 68390?
0
What is the hundreds digit of 1023?
0
What is the tens digit of 2514?
1
What is the tens digit of 618?
1
What is the tens digit of 235?
3
What is the thousands digit of 172416?
2
What is the hundreds digit of 4660?
6
What is the units digit of 4030?
0
What is the thousands digit of 57071?
7
What is the tens digit of 6703?
0
What is the tens digit of 1880?
8
What is the hundreds digit of 903?
9
What is the hundreds digit of 38742?
7
What is the units digit of 1028?
8
What is the ten thousands digit of 79597?
7
What is the tens digit of 1896?
9
What is the ten thousands digit of 52570?
5
What is the hundreds digit of 6407?
4
What is the tens digit of 554?
5
What is the units digit of 42730?
0
What is the hundreds digit of 30355?
3
What is the tens digit of 657?
5
What is the tens digit of 11484?
8
What is the tens digit of 1830?
3
What is the tens digit of 183?
8
What is the tens digit of 59662?
6
What is the hundreds digit of 818?
8
What is the thousands digit of 47779?
7
What is the units digit of 9667?
7
What is the hundreds digit of 1104?
1
What is the hundreds digit of 1014?
0
What is the hundreds digit of 1005?
0
What is the tens digit of 60967?
6
What is the hundreds digit of 1367?
3
What is the ten thousands digit of 23750?
2
What is the thousands digit of 47767?
7
What is the hundreds digit of 3624?
6
What is the hundreds digit of 21038?
0
What is the hundreds digit of 58891?
8
What is the hundreds digit of 52731?
7
What is the hundreds digit of 1546?
5
What is the thousands digit of 14403?
4
What is the ten thousands digit of 79675?
7
What is the hundreds digit of 109656?
6
What is the units digit of 1051?
1
What is the hundreds digit of 72981?
9
What is the hundreds digit of 1240?
2
What is the tens digit of 60224?
2
What is the units digit of 5522?
2
What is the units digit of 38950?
0
What is the thousands digit of 1359?
1
What is the hundreds digit of 73705?
7
What is the tens digit of 352?
5
What is the units digit of 29456?
6
What is the units digit of 2744?
4
What is the units digit of 779?
9
What is the tens digit of 303?
0
What is the units digit of 724?
4
What is the thousands digit of 6072?
6
What is the tens digit of 1653?
5
What is the units digit of 1717?
7
What is the thousands digit of 65077?
5
What is the hundreds digit of 72617?
6
What is the tens digit of 18444?
4
What is the units digit of 100?
0
What is the hundreds digit of 22131?
1
What is the thousands digit of 13846?
3
What is the tens digit of 377?
7
What is the tens digit of 3749?
4
What is the thousands digit of 1844?
1
What is the tens digit of 48270?
7
What is the units digit of 16515?
5
What is the units digit of 106899?
9
What is the thousands digit of 3137?
3
What is the thousands digit of 103336?
3
What is the hundreds digit of 28021?
0
What is the ten thousands digit of 10368?
1
What is the tens digit of 500?
0
What is the tens digit of 12446?
4
What is the tens digit of 7545?
4
What is the tens digit of 1362?
6
What is the ten thousands digit of 45359?
4
What is the hundreds digit of 5905?
9
What is the thousands digit of 2200?
2
What is the thousands digit of 3341?
3
What is the thousands digit of 32879?
2
What is the tens digit of 667?
6
What is the hundreds digit of 4193?
1
What is the ten thousands digit of 13736?
1
What is the units digit of 463?
3
What is the hundreds digit of 190?
1
What is the units digit of 130754?
4
What is the thousands digit of 1391?
1
What is the ten thousands digit of 34609?
3
What is the hundred thousands digit of 114733?
1
What is the hundreds digit of 225?
2
What is the tens digit of 1961?
6
What is the units digit of 898?
8
What is the thousands digit of 1149?
1
What is the units digit of 4147?
7
What is the hundreds digit of 5201?
2
What is the tens digit of 29569?
6
What is the hundreds digit of 17215?
2
What is the hundreds digit of 66089?
0
What is the units digit of 2133?
3
What is the thousands digit of 58923?
8
What is the hundreds digit of 27651?
6
What is the thousands digit of 7788?
7
What is the thousands digit of 5878?
5
What is the thousands digit of 10885?
0
What is the units digit of 47?
7
What is the units digit of 104?
4
What is the tens digit of 2111?
1
What is the hundreds digit of 2675?
6
What is the tens digit of 1609?
0
What is the tens digit of 62456?
5
What is the thousands digit of 12